[INFO] fetching crate salvo-rustls 0.0.2...
[INFO] checking salvo-rustls-0.0.2 against master#9610dfe5a9a731ced1ea4923ecbd0c57fe367898 for beta-170-4
[INFO] extracting crate salvo-rustls 0.0.2 into /workspace/builds/worker-6-tc1/source
[INFO] validating manifest of crates.io crate salvo-rustls 0.0.2 on toolchain 9610dfe5a9a731ced1ea4923ecbd0c57fe367898
[INFO] running `Command { std: CARGO_HOME="/workspace/cargo-home" RUSTUP_HOME="/workspace/rustup-home" "/workspace/cargo-home/bin/cargo" "+9610dfe5a9a731ced1ea4923ecbd0c57fe367898" "metadata" "--manifest-path" "Cargo.toml" "--no-deps", kill_on_drop: false }`
[INFO] started tweaking crates.io crate salvo-rustls 0.0.2
[INFO] removed 0 missing examples
[INFO] finished tweaking crates.io crate salvo-rustls 0.0.2
[INFO] tweaked toml for crates.io crate salvo-rustls 0.0.2 written to /workspace/builds/worker-6-tc1/source/Cargo.toml
[INFO] crate crates.io crate salvo-rustls 0.0.2 already has a lockfile, it will not be regenerated
[INFO] running `Command { std: CARGO_HOME="/workspace/cargo-home" RUSTUP_HOME="/workspace/rustup-home" "/workspace/cargo-home/bin/cargo" "+9610dfe5a9a731ced1ea4923ecbd0c57fe367898" "fetch" "--manifest-path" "Cargo.toml", kill_on_drop: false }`
[INFO] [stderr]     Updating crates.io index
[INFO] [stderr]  Downloading crates ...
[INFO] [stderr]   Downloaded http-body-util v0.1.0-rc.2
[INFO] [stderr]   Downloaded http-body v1.0.0-rc.2
[INFO] [stderr]   Downloaded hyper v1.0.0-rc.3
[INFO] [stderr]   Downloaded salvo-utils v0.0.2
[INFO] running `Command { std: "docker" "create" "-v" "/var/lib/crater-agent-workspace/builds/worker-6-tc1/target:/opt/rustwide/target:rw,Z" "-v" "/var/lib/crater-agent-workspace/builds/worker-6-tc1/source:/opt/rustwide/workdir:ro,Z" "-v" "/var/lib/crater-agent-workspace/cargo-home:/opt/rustwide/cargo-home:ro,Z" "-v" "/var/lib/crater-agent-workspace/rustup-home:/opt/rustwide/rustup-home:ro,Z" "-e" "SOURCE_DIR=/opt/rustwide/workdir" "-e" "CARGO_TARGET_DIR=/opt/rustwide/target" "-e" "CARGO_HOME=/opt/rustwide/cargo-home" "-e" "RUSTUP_HOME=/opt/rustwide/rustup-home" "-w" "/opt/rustwide/workdir" "-m" "1610612736" "--user" "0:0" "--network" "none" "ghcr.io/rust-lang/crates-build-env/linux@sha256:19e73879b68f455e41552ea35293514db52ea292d993f571636dbffedb77a1ee" "/opt/rustwide/cargo-home/bin/cargo" "+9610dfe5a9a731ced1ea4923ecbd0c57fe367898" "metadata" "--no-deps" "--format-version=1", kill_on_drop: false }`
[INFO] [stdout] 6e9d8f43877734389cf7be93daa175edb40b4c3ac29b04c2018dd6265855de66
[INFO] running `Command { std: "docker" "start" "-a" "6e9d8f43877734389cf7be93daa175edb40b4c3ac29b04c2018dd6265855de66", kill_on_drop: false }`
[INFO] running `Command { std: "docker" "inspect" "6e9d8f43877734389cf7be93daa175edb40b4c3ac29b04c2018dd6265855de66", kill_on_drop: false }`
[INFO] running `Command { std: "docker" "rm" "-f" "6e9d8f43877734389cf7be93daa175edb40b4c3ac29b04c2018dd6265855de66", kill_on_drop: false }`
[INFO] [stdout] 6e9d8f43877734389cf7be93daa175edb40b4c3ac29b04c2018dd6265855de66
[INFO] running `Command { std: "docker" "create" "-v" "/var/lib/crater-agent-workspace/builds/worker-6-tc1/target:/opt/rustwide/target:rw,Z" "-v" "/var/lib/crater-agent-workspace/builds/worker-6-tc1/source:/opt/rustwide/workdir:ro,Z" "-v" "/var/lib/crater-agent-workspace/cargo-home:/opt/rustwide/cargo-home:ro,Z" "-v" "/var/lib/crater-agent-workspace/rustup-home:/opt/rustwide/rustup-home:ro,Z" "-e" "SOURCE_DIR=/opt/rustwide/workdir" "-e" "CARGO_TARGET_DIR=/opt/rustwide/target" "-e" "CARGO_INCREMENTAL=0" "-e" "RUST_BACKTRACE=full" "-e" "RUSTFLAGS=--cap-lints=forbid" "-e" "RUSTDOCFLAGS=--cap-lints=forbid" "-e" "CARGO_HOME=/opt/rustwide/cargo-home" "-e" "RUSTUP_HOME=/opt/rustwide/rustup-home" "-w" "/opt/rustwide/workdir" "-m" "1610612736" "--user" "0:0" "--network" "none" "ghcr.io/rust-lang/crates-build-env/linux@sha256:19e73879b68f455e41552ea35293514db52ea292d993f571636dbffedb77a1ee" "/opt/rustwide/cargo-home/bin/cargo" "+9610dfe5a9a731ced1ea4923ecbd0c57fe367898" "check" "--frozen" "--all" "--all-targets" "--message-format=json", kill_on_drop: false }`
[INFO] [stdout] 642a1490541cd56d4c976c6eab9574064c6d099ea4c3552b99001210d4fff91d
[INFO] running `Command { std: "docker" "start" "-a" "642a1490541cd56d4c976c6eab9574064c6d099ea4c3552b99001210d4fff91d", kill_on_drop: false }`
[INFO] [stderr]    Compiling proc-macro2 v1.0.51
[INFO] [stderr]    Compiling unicode-ident v1.0.6
[INFO] [stderr]    Compiling quote v1.0.23
[INFO] [stderr]    Compiling syn v1.0.107
[INFO] [stderr]     Checking once_cell v1.14.0
[INFO] [stderr]    Compiling tokio v1.25.0
[INFO] [stderr]    Compiling futures-task v0.3.26
[INFO] [stderr]    Compiling ring v0.16.20
[INFO] [stderr]     Checking mio v0.8.6
[INFO] [stderr]    Compiling futures-util v0.3.26
[INFO] [stderr]     Checking tracing-core v0.1.30
[INFO] [stderr]     Checking http v0.2.9
[INFO] [stderr]     Checking spin v0.5.2
[INFO] [stderr]     Checking untrusted v0.7.1
[INFO] [stderr]    Compiling rustls v0.21.0
[INFO] [stderr]     Checking tower-layer v0.3.2
[INFO] [stderr]     Checking rustls-pemfile v1.0.2
[INFO] [stderr]     Checking rustls-native-certs v0.6.2
[INFO] [stderr]     Checking tracing v0.1.37
[INFO] [stderr]     Checking http-body v1.0.0-rc.2
[INFO] [stderr]     Checking http-body-util v0.1.0-rc.2
[INFO] [stderr]     Checking sct v0.7.0
[INFO] [stderr]     Checking rustls-webpki v0.100.1
[INFO] [stderr]    Compiling tokio-macros v1.8.2
[INFO] [stderr]    Compiling pin-project-internal v1.0.12
[INFO] [stderr]     Checking pin-project v1.0.12
[INFO] [stderr]     Checking tokio-util v0.7.7
[INFO] [stderr]     Checking tower v0.4.13
[INFO] [stderr]     Checking tokio-rustls v0.24.0
[INFO] [stderr]     Checking h2 v0.3.15
[INFO] [stderr]     Checking hyper v1.0.0-rc.3
[INFO] [stderr]     Checking salvo-utils v0.0.2
[INFO] [stderr]     Checking salvo-rustls v0.0.2 (/opt/rustwide/workdir)
[INFO] [stdout] error[E0433]: failed to resolve: use of undeclared crate or module `hyper_util`
[INFO] [stdout]   --> examples/server.rs:15:5
[INFO] [stdout]    |
[INFO] [stdout] 15 | use hyper_util::rt::TokioExecutor;
[INFO] [stdout]    |     ^^^^^^^^^^ use of undeclared crate or module `hyper_util`
[INFO] [stdout] 
[INFO] [stdout] 
[INFO] [stdout] error[E0433]: failed to resolve: use of undeclared crate or module `hyper_util`
[INFO] [stdout]  --> examples/client.rs:8:5
[INFO] [stdout]   |
[INFO] [stdout] 8 | use hyper_util::{client::legacy, rt::TokioExecutor};
[INFO] [stdout]   |     ^^^^^^^^^^ use of undeclared crate or module `hyper_util`
[INFO] [stdout] 
[INFO] [stdout] 
[INFO] [stdout] error[E0432]: unresolved import `hyper_rustls`
[INFO] [stdout]  --> examples/client.rs:7:5
[INFO] [stdout]   |
[INFO] [stdout] 7 | use hyper_rustls::ConfigBuilderExt;
[INFO] [stdout]   |     ^^^^^^^^^^^^ use of undeclared crate or module `hyper_rustls`
[INFO] [stdout] 
[INFO] [stdout] 
[INFO] [stdout] error[E0433]: failed to resolve: use of undeclared crate or module `hyper_rustls`
[INFO] [stdout]   --> examples/client.rs:69:17
[INFO] [stdout]    |
[INFO] [stdout] 69 |     let https = hyper_rustls::HttpsConnectorBuilder::new()
[INFO] [stdout]    |                 ^^^^^^^^^^^^ use of undeclared crate or module `hyper_rustls`
[INFO] [stdout]    |
[INFO] [stdout] help: consider importing this struct
[INFO] [stdout]    |
[INFO] [stdout] 5  + use salvo_rustls::HttpsConnectorBuilder;
[INFO] [stdout]    |
[INFO] [stdout] help: if you import `HttpsConnectorBuilder`, refer to it directly
[INFO] [stdout]    |
[INFO] [stdout] 69 -     let https = hyper_rustls::HttpsConnectorBuilder::new()
[INFO] [stdout] 69 +     let https = HttpsConnectorBuilder::new()
[INFO] [stdout]    |
[INFO] [stdout] 
[INFO] [stdout] 
[INFO] [stdout] error[E0599]: no method named `with_native_roots` found for struct `ConfigBuilder` in the current scope
[INFO] [stdout]   --> examples/client.rs:65:14
[INFO] [stdout]    |
[INFO] [stdout] 63 |           None => rustls::ClientConfig::builder()
[INFO] [stdout]    |  _________________-
[INFO] [stdout] 64 | |             .with_safe_defaults()
[INFO] [stdout] 65 | |             .with_native_roots()
[INFO] [stdout]    | |             -^^^^^^^^^^^^^^^^^ method not found in `ConfigBuilder<ClientConfig, WantsVerifier>`
[INFO] [stdout]    | |_____________|
[INFO] [stdout]    | 
[INFO] [stdout]    |
[INFO] [stdout]   ::: /opt/rustwide/workdir/src/config.rs:13:8
[INFO] [stdout]    |
[INFO] [stdout] 13 |       fn with_native_roots(self) -> ConfigBuilder<ClientConfig, WantsTransparencyPolicyOrClientCert>;
[INFO] [stdout]    |          ----------------- the method is available for `ConfigBuilder<ClientConfig, WantsVerifier>` here
[INFO] [stdout]    |
[INFO] [stdout]    = help: items from traits can only be used if the trait is in scope
[INFO] [stdout] help: the following trait is implemented but not in scope; perhaps add a `use` for it:
[INFO] [stdout]    |
[INFO] [stdout] 5  + use salvo_rustls::ConfigBuilderExt;
[INFO] [stdout]    |
[INFO] [stdout] 
[INFO] [stdout] 
[INFO] [stdout] error: aborting due to previous error
[INFO] [stdout] 
[INFO] [stdout] 
[INFO] [stdout] For more information about this error, try `rustc --explain E0433`.
[INFO] [stdout] 
[INFO] [stdout] warning: unused import: `http_body_util::BodyExt`
[INFO] [stdout]  --> examples/client.rs:5:5
[INFO] [stdout]   |
[INFO] [stdout] 5 | use http_body_util::BodyExt;
[INFO] [stdout]   |     ^^^^^^^^^^^^^^^^^^^^^^^
[INFO] [stdout]   |
[INFO] [stdout]   = note: `#[warn(unused_imports)]` on by default
[INFO] [stdout] 
[INFO] [stdout] 
[INFO] [stdout] error: aborting due to 4 previous errors; 1 warning emitted
[INFO] [stdout] 
[INFO] [stdout] 
[INFO] [stderr] error: could not compile `salvo-rustls` (example "server") due to 2 previous errors
[INFO] [stderr] warning: build failed, waiting for other jobs to finish...
[INFO] [stdout] Some errors have detailed explanations: E0432, E0433, E0599.
[INFO] [stdout] 
[INFO] [stdout] For more information about an error, try `rustc --explain E0432`.
[INFO] [stdout] 
[INFO] [stderr] error: could not compile `salvo-rustls` (example "client") due to 5 previous errors; 1 warning emitted
[INFO] running `Command { std: "docker" "inspect" "642a1490541cd56d4c976c6eab9574064c6d099ea4c3552b99001210d4fff91d", kill_on_drop: false }`
[INFO] running `Command { std: "docker" "rm" "-f" "642a1490541cd56d4c976c6eab9574064c6d099ea4c3552b99001210d4fff91d", kill_on_drop: false }`
[INFO] [stdout] 642a1490541cd56d4c976c6eab9574064c6d099ea4c3552b99001210d4fff91d
